t g(d) = q*f(d) + 13*s(d). What is g(5)?
-3
Let m(p) = p**2 - 2*p + 2. Suppose 700 = -r - 4*r. Let q = 143 + r. Give m(q).
5
Let m be ((-18)/(-2))/1 + 0. Let u = -2 + m. Let b(y) = 5*y - 6*y**2 + 17*y**3 - 16*y**3 + u + 0*y**2. Give b(5).
7
Suppose -4*v - 8 = -3*p + 2, -4*p + 3*v + 18 = 0. Let y(h) = 4 + 4 - 39*h + 37*h. Give y(p).
-4
Let q(i) = 4*i - 7. Suppose -464 = 8*b - 488. Determine q(b).
5
Let i(s) = -3*s**2 + 41*s + 6. Let l(q) = q**2 - 14*q - 2. Let w(b) = -3*i(b) - 8*l(b). Determine w(11).
-2
Let y(b) = -4*b - b**2 - b + 0*b. Suppose -l - 3*c + 1 = 0, 16 - 3 = -l + 4*c. Calculate y(l).
0
Let y be (-15)/(-20) + (-27)/4. Let l = y - -4. Let z be (-3 + 4)*l + -3. Let r(f) = f**3 + 4*f**2 - 5*f - 5. Give r(z).
-5
Let v(p) be the first derivative of 2 + 4/3*p**3 + p**2 + 1/4*p**4 - p. Determine v(-2).
3
Suppose 5*h = 6*h - 3. Suppose h*c - 7 = 2. Suppose -c*l + 0 - 15 = 0. Let z(j) = 3*j + 7. Give z(l).
-8
Let d(w) be the first derivative of -1/3*w**3 + 6*w - 5/2*w**2 + 6. Give d(-5).
6
Let z = -90 + 93. Let f(j) = -5*j**3 - 15*j**2 + 4*j - 15. Let l(s) = 3*s**3 + 8*s**2 - 2*s + 8. Let g(y) = 4*f(y) + 7*l(y). Determine g(z).
-7
Let u(p) = -p**3 - p**2 + 4. Let k be u(0). Let n(b) = 1 - b - k + 4. Let z(g) = -g**3 + 9*g**2 - 9*g + 6. Let o be z(8). Give n(o).
3
Let a(z) = -z**2 + 7*z - 5. Let u = -335 - -339. Give a(u).
7
Let n = 1 + 0. Let d = 34 + -18. Let v(y) = 16 + 2*y - 3*y + 7*y**2 - d. What is v(n)?
6
Let m(c) = -c**3 - 7*c + 6. Let h(x) = -2*x**3 - 8*x + 7. Let l be 14/2*(-12)/(-12). Let k(q) = l*m(q) - 6*h(q). Suppose 0 = -4*t - 2 - 2. Determine k(t).
-4
Let c(v) = 0*v**2 - v + v**2 - 7*v**2. Let l(p) = -p**3 + 16*p**2 - 16*p + 18. Let z be l(15). Suppose z*g = -5*h + 22 + 1, -g = -5*h + 19. Determine c(g).
-7
Let j be 2 + 2190/(-66) - (-4)/22. Let b = -30 - j. Let x(l) = -8*l - 5. Let o(z) = -9*z - 6. Let i(y) = 6*o(y) - 7*x(y). What is i(b)?
1
Let v(p) = 5*p**2 + 12*p - 8. Let y(k) = 2*k**2 + 4*k - 3. Let l(g) = 4*v(g) - 11*y(g). Give l(4).
-15
Let i be (4/(-6))/((-4)/6). Let z(m) = m - 1. Let v(g) = -2*g - 1. Let y = 166 - 164. Let k(r) = y*z(r) - 2*v(r). Give k(i).
6
Let h(t) = t + 6. Suppose f - 2 = 2*j, 3*f + 2*j - 41 = j. Suppose 12*c + 48 = -f. Give h(c).
1
Let r(b) = b**2 + 5*b + 3. Let h = 33 + -25. Suppose z = -2*k + 4, -z + h = -2*k + 5*k. Give r(z).
-1
Let k(d) = d**3 - 6*d**2 - 3*d + 2. Let p = -41 + 44. Calculate k(p).
-34
Let y(o) = o - 4. Let r(f) = f - 3. Let j(a) = -8*r(a) + 5*y(a). Let v(g) = 2*g - 4. Let b(p) = 4*j(p) + 3*v(p). Calculate b(-3).
22
Let z(x) = -3 - 112*x**2 + 113*x**2 + 4 + 8*x. Determine z(-8).
1
Let p(r) = -8*r**3 - 5 + 4*r + 3 + 6*r**2 + 9*r**3. Let t be p(-5). Let q(c) = -7*c + 5*c + t*c. What is q(1)?
1
Let u(p) = 9*p - 45. Let g be u(4). Let l(q) = -q**3 - 8*q**2 + 9*q + 2. Calculate l(g).
2
Let m be ((-4)/(-5))/((-1)/(-5)). Let l(a) = -5*a**3 - 23*a**2 + 39*a + 99. Let o(z) = -2*z**3 - 8*z**2 + 14*z + 37. Let x(q) = 3*l(q) - 8*o(q). Give x(m).
5
Suppose 2*b - 7*b = 30. Let w(q) be the second derivative of -1/3*q**3 - 1/20*q**5 - 1/2*q**2 + 0 - 1/2*q**4 + 6*q. Determine w(b).
11
Let d be (-3 + 0 + 3)/(-1). Suppose 1 = 5*w - z - 4, d = 2*w - z - 2. Let j(a) = -7*a + 1. Give j(w).
-6
Let f(c) be the second derivative of -c**5/60 - 7*c**4/24 + c**3/2 + 7*c**2/2 + 14*c. Let v(k) be the first derivative of f(k). Give v(-6).
9
Let w(f) = -f**3 + 3*f**2 + 4*f - 1. Let g be w(4). Let j = -57 - -63. Let h(z) = -5 + 3 + 2 + j*z. What is h(g)?
-6
Let r(h) be the third derivative of -h**4/24 + h**3/6 + 24*h**2. Let s(l) = -7*l + 1. Let b be s(-1). Give r(b).
-7
Let a(v) = 8*v - v**3 - 1 + 6*v**2 - 41*v + 26*v. Calculate a(5).
-11
Let h(b) = 5*b**2 + 10*b + 13. Let f(n) = -4*n**2 - 12*n - 15. Let p(m) = 3*f(m) + 2*h(m). Determine p(-7).
-5
Let l be (-23)/(-3) + 4/12. Let k(o) = -3 + 4 - 8 + 10*o**2. Let p(u) = -15*u**2 + 11. Let q(z) = l*k(z) + 5*p(z). Determine q(1).
4
Let w(d) = -d**2 + 3*d + 8. Suppose 378*p - 369*p - 27 = 0. Determine w(p).
8
Let r be -3*(-2 - (-2 - -1)). Let u(n) = 4*n - 6*n**2 - 7 + 3 - r*n - n**3 - 4. Give u(-6).
-14
Suppose 0 = 5*d, 4*g - 6*d - 8 = -d. Suppose -3*p - 4 = -4*k - g, -p + 16 = 2*k. Let o(l) = -5*l**2 - 7*l + p*l**2 - 3 + 4*l. Determine o(5).
7
Let s(i) = -i**2 + 7*i + 1. Let v = 52 + 12. Let o = 67 - v. Determine s(o).
13
Let y(n) be the second derivative of -11/2*n**2 - 6*n - 1/6*n**3 + 0 - 3/4*n**4. Let t(z) = 5*z**2 + 6. Let m(a) = -7*t(a) - 4*y(a). Determine m(-3).
-1
Let c be 3 - -1 - 2 - 6 - -7. Let m(y) = 6*y**3 + 0*y**c - 2*y**3 + 0*y**3. Determine m(1).
4
Let i(n) = n**2 + 5*n - 1. Let x be i(-3). Let p(h) = -h**3 - 7*h**2 - 2*h - 10. Let f be p(x). Let u(w) = 4 + f - 7 + 2*w. Determine u(1).
3
Let y(n) be the third derivative of 1/2*n**3 - 1/24*n**4 + 0*n - 11*n**2 + 0. Calculate y(6).
-3
Let j(w) be the second derivative of w**5/20 - w**4/2 + w**3/3 - 6*w**2 - 363*w. Give j(6).
0
Let r(p) = p - 18. Let m(x) = 8. Let b(f) = -7*m(f) - 3*r(f). Suppose -5*v + 2*v + 15 = 0. Let a = v - 10. Calculate b(a).
13
Let a(f) = -10*f - 3. Let v(p) = 8*p + 4. Let m(r) = -3*a(r) - 2*v(r). What is m(1)?
15
Let w(u) = u. Let t(r) = -r**2 + 8*r - 8. Suppose -3*f + d + 88 = 24, -f + 5*d + 26 = 0. Suppose -2*a + f - 9 = 0. Let i be t(a). Calculate w(i).
4
Let k = -7 + 11. Suppose 0 = -0*j + k*j - 44. Let f = j + -16. Let z(i) = i**2 + 3*i - 6. Calculate z(f).
4
Let x(a) = -a**3 - a + 2. Suppose -4*w + 177 = -3*f, -2*w - f - 2*f = -75. Let p = w + -42. Calculate x(p).
2
Let v(b) be the second derivative of -b**5/20 - 2*b**4/3 - 4*b**3/3 - 3*b**2/2 - 7*b. Let c = 6 + 5. Suppose -w = -t + w - c, -5*w = 3*t + 11. What is v(t)?
4
Let j(c) be the second derivative of -c**5/60 - 7*c**4/24 - c**3/2 + 4*c**2 - 8*c. Let k(t) be the first derivative of j(t). Let d = 12 - 19. Give k(d).
-3
Let h(g) = -135*g - g**3 - 13 - 133*g - 134*g + 404*g + 9*g**2. Determine h(9).
5
Let q = 5 + -7. Let d be 203/49 + q/14. Let s(l) = d*l + 2*l - 2 + 3. Determine s(-1).
-5
Let w(j) be the third derivative of j**4/12 + 2*j**3/3 + 7*j**2 - 2. Determine w(7).
18
Let v = 19 - 12. Suppose -4*x - 15 = -3*q, 0 = -2*q + v*q - 4*x - 25. Let p(f) = 5*f - 1 - 3 + 3*f + q. Calculate p(-1).
-7
Let x(p) = 19*p**3 + p**2 - 1. Let m be 525/(-735) + (-2)/7. Give x(m).
-19
Suppose 5*o = 10, 2 = 5*q + 3*o + 16. Let a(w) = -8*w**3 - 26*w**2 - 10*w. Let y(n) = 3*n**3 + 9*n**2 + 3*n. Let x(r) = q*a(r) - 11*y(r). Give x(6).
6
Let w(k) = 0*k - 2*k + k + 5. Let v be (-7*(-2)/7)/(2/5). Suppose -2*m - h + 9 = 0, 8*h + 9 = v*h. Give w(m).
-1
Let q(w) be the second derivative of -w**8/6720 - w**7/630 - w**6/360 + w**5/40 + 7*w**4/12 + 2*w. Let s(k) be the third derivative of q(k). Determine s(-3).
0
Let c(w) = 2*w**2 + 3*w - w + 2*w**3 - 6*w**2 + w. Let l(y) = 5 + 4*y - 2 - y**2 - 4 + 0. Let z be l(3). Determine c(z).
6
Let p = 176 - 165. Let b(d) = d + 12 - 28 + p + 3. What is b(11)?
9
Let x(v) be the second derivative of -1/6*v**3 + 0 - v**2 - 2*v - 1/12*v**4. Let f be (-4)/26 - (-36)/234. What is x(f)?
-2
Let y(z) be the second derivative of z**5/20 - z**4 + 8*z**3/3 - 15*z**2/2 - 8*z - 3. Give y(11).
40
Let g(d) = 3*d**3 + d**2. Suppose -5*k - 5*m = -3*k + 6, 4*k - m - 10 = 0. Suppose 0 = 4*u - 3 + 7, 5*u + k = -3*p. Give g(p).
4
Let o(f) = f**2 - 2*f + 3. Suppose 4*z = 41 - 33. Calculate o(z).
3
Let s be 12/15*155/31. Let j(c) be the third derivative of -2/3*c**3 - c**2 + 1/60*c**5 + 0 - 1/6*c**s + 0*c. Give j(5).
1
Let c(z) be the first derivative of -z**3/3 - z**2/2 + 2*z - 1. Suppose t - 3*t - 4*m = -36, -75 = -5*t - 5*m. Suppose 0 = -t*a - 0 - 0. Give c(a).
2
Let x(l) = l**3 + 2*l**2 + l - 1. Let k(z) = -z**3 + 7*z**2 + 8*z - 2. Suppose -4*b + 11 = 5*q - 25, -5*q + 35 = 5*b. Let g be k(q). Calculate x(g).
-3
Suppose 1209 = -10*d + 1129. Let s(o) = -o**3 - 7*o**2 + 8*o - 6. Calculate s(d).
-6
Let v(z) be the second derivative of 1/20*z**5 + 2/3*z**3 + 3/2*z**2 + 3*z + 1/3*z**4 + 0. Determine v(-2).
3
Let t(c) be the first derivative of 1/3*c**3 + 36 + c - c**2. Let j(y) = y**2 + 5*y + 5. Let i be j(-4). Give t(i).
0
Let a = 861 + -861. Let n(c) be the third derivative of -1/60*c**5 + 2*c**2 + 0 + 5/24*c**4 + a*c - 5/6*c**3. What is n(6)?
-11
Let d(i) = 1 + 9*i**2 + 59*i - 59*i + 0. Let o(r) = r**3 + 10*r**2 - 11*r